r?
False
Is 6469 prime?
True
Is 21457 prime?
False
Is 3217 a composite number?
False
Is 673 prime?
True
Is 21991 composite?
False
Is 74791 a composite number?
True
Is 2159 composite?
True
Is 125803 prime?
True
Is 740801 prime?
True
Is 1177 composite?
True
Is 247523 composite?
True
Is 13327 composite?
False
Is 861541 prime?
True
Is 159085 a prime number?
False
Is 191 prime?
True
Is 2719 a composite number?
False
Is 8779 prime?
True
Is 93853 prime?
False
Is 13885 a composite number?
True
Is 223 prime?
True
Is 272171 a composite number?
False
Is 78259 a composite number?
False
Is 142757 a prime number?
True
Is 694893 a composite number?
True
Is 106591 a composite number?
False
Is 297151 composite?
False
Is 107563 prime?
True
Is 3989 a prime number?
True
Is 42323 composite?
False
Is 21433 composite?
False
Is 3221 prime?
True
Is 1633 a prime number?
False
Is 163561 composite?
False
Is 1182413 composite?
False
Is 1811 composite?
False
Is 72991 composite?
True
Is 36641 a composite number?
True
Is 662 a prime number?
False
Is 5761 a composite number?
True
Is 200063 a prime number?
True
Is 29527 a composite number?
False
Is 96893 prime?
True
Is 44159 prime?
True
Is 2213 a prime number?
True
Is 41867 a composite number?
True
Is 61001 composite?
False
Is 51431 a composite number?
False
Is 12938 composite?
True
Is 43201 a prime number?
True
Is 955303 a composite number?
True
Is 103423 prime?
True
Is 745727 a prime number?
True
Is 61771 prime?
False
Is 1501 a prime number?
False
Is 638143 composite?
True
Is 3719 composite?
False
Is 310333 prime?
True
Is 20323 a prime number?
True
Is 142211 a prime number?
True
Is 3647 composite?
True
Is 377 a composite number?
True
Is 102439 composite?
True
Is 1733 a prime number?
True
Is 37517 a composite number?
False
Is 58165 prime?
False
Is 7079 a composite number?
False
Is 31721 prime?
True
Is 6243 a composite number?
True
Is 2714351 a prime number?
False
Is 265015 a composite number?
True
Is 58334 a prime number?
False
Is 362413 composite?
True
Is 11369 a composite number?
False
Is 87179 prime?
True
Is 65791 prime?
False
Is 1453643 a prime number?
True
Is 171527 composite?
True
Is 15089 composite?
True
Is 15427 a composite number?
False
Is 29981 prime?
False
Is 9967 a composite number?
False
Is 5713 a composite number?
True
Is 29917 a composite number?
False
Is 962693 prime?
False
Is 236679 prime?
False
Is 412223 composite?
True
Is 986837 prime?
True
Is 220217 a composite number?
False
Is 49814 a prime number?
False
Is 8267 a composite number?
True
Is 418129 a composite number?
False
Is 2682887 a prime number?
True
Is 161979 composite?
True
Is 10517 a prime number?
False
Is 174917 prime?
True
Is 1522 composite?
True
Is 16963 prime?
True
Is 40609 a prime number?
True
Is 335879 a composite number?
False
Is 201937 a composite number?
False
Is 1320947 a prime number?
True
Is 6803 a composite number?
False
Is 438017 prime?
True
Is 8465 a prime number?
False
Is 44871 prime?
False
Is 14437 prime?
True
Is 139199 composite?
False
Is 2149 prime?
False
Is 9521 prime?
True
Is 1801 composite?
False
Is 181709 composite?
True
Is 52783 prime?
True
Is 15307 a prime number?
True
Is 88463 prime?
True
Is 2119 a composite number?
True
Is 454709 a prime number?
True
Is 11269 a prime number?
False
Is 72773 a prime number?
False
Is 860663 a prime number?
True
Is 6791 composite?
False
Is 30802 composite?
True
Is 27403 a composite number?
True
Is 4449071 prime?
False
Is 2638 a composite number?
True
Is 28369 a composite number?
True
Is 37463 a prime number?
True
Is 273857 prime?
True
Is 11459 composite?
True
Is 64499 prime?
True
Is 3967 a composite number?
False
Is 5297 prime?
True
Is 21883 a composite number?
True
Is 5357 prime?
False
Is 11299 composite?
False
Is 15439 a composite number?
False
Is 191626 a prime number?
False
Is 673747 a composite number?
False
Is 45515 a prime number?
False
Is 28789 composite?
False
Is 254959 a prime number?
True
Is 683 a composite number?
False
Is 14963 prime?
False
Is 24707 a composite number?
True
Is 33365 prime?
False
Is 352831 composite?
False
Is 17233 a composite number?
True
Is 2995 a prime number?
False
Is 2107297 a composite number?
True
Is 370653 prime?
False
Is 4769 a composite number?
True
Is 110221 composite?
False
Is 99823 a prime number?
True
Is 34981 a prime number?
True
Is 52133 composite?
True
Is 27139 prime?
False
Is 201523 a composite number?
True
Is 60683 prime?
False
Is 1147793 a prime number?
True
Is 19347 a prime number?
False
Is 12893 composite?
False
Is 2735 prime?
False
Is 2038 a prime number?
False
Is 120923 a prime number?
False
Is 17209 composite?
False
Is 351271 a prime number?
False
Is 31523 composite?
True
Is 109279 a prime number?
True
Is 30487 prime?
False
Is 529 a prime number?
False
Is 781661 a prime number?
True
Is 806951 prime?
True
Is 374599 a prime number?
False
Is 26198 a prime number?
False
Is 10169 a composite number?
False
Is 57049 a composite number?
True
Is 16331 a prime number?
False
Is 11371 prime?
False
Is 127031 a prime number?
True
Is 20849 a composite number?
False
Is 14981 composite?
True
Is 3491 composite?
False
Is 246769 composite?
False
Is 36857 composite?
False
Is 842923 a prime number?
True
Is 29473 a composite number?
False
Is 159934 a composite number?
True
Is 35521 prime?
True
Is 1383253 composite?
True
Is 98611 composite?
True
Is 161869 composite?
False
Is 5723 prime?
False
Is 18217 a composite number?
False
Is 25001 composite?
True
Is 17947 a composite number?
True
Is 215617 a prime number?
True
Is 1011419 a composite number?
True
Is 662441 a composite number?
True
Is 6581 prime?
True
Is 19946 composite?
True
Is 6752887 composite?
False
Is 15569 a composite number?
False
Is 517711 a prime number?
True
Is 338423 composite?
False
Is 14051 composite?
False
Is 16253 a composite number?
False
Is 87355 a composite number?
True
Is 7103 prime?
True
Is 4685 prime?
False
Is 97183 a prime number?
False
Is 2315471 composite?
False
Is 8353 a prime number?
True
Is 315829 a composite number?
False
Is 3502777 a composite number?
False
Is 272671 a prime number?
False
Is 217307 prime?
True
Is 18041 a composite number?
False
Is 12199 composite?
True
Is 87974 a prime number?
False
Is 95429 composite?
False
Is 13411 a prime number?
True
Is 5923 a prime number?
True
Is 937747 a composite number?
False
Is 112399 a prime number?
False
Is 11114 prime?
False
Is 603077 a composite number?
False
Is 53659 composite?
True
Is 5459 prime?
False
Is 2755981 composite?
False
Is 5501 a prime number?
True
Is 806761 a prime number?
True
Is 2579 composite?
False
Is 58553 composite?
True
Is 321209 a composite number?
True
Is 79757 a prime number?
True
Is 106289 a prime number?
False
Is 138793 composite?
False
Is 2579 prime?
True
Is 677 a composite number?
False
Is 35039 prime?
False
Is 489329 composite?
False
Is 24343 prime?
False
Is 5071 a prime number?
False
Is 182417 prime?
True
Is 500629 a prime number?
True
Is 2769601 a composite number?
False
Is 50261 composite?
False
Is 5711 composite?
False
Is 18895 prime?
False
Is 5507 a prime number?
True
Is 12889 a composite number?
False
Is 119693 a prime number?
False
Is 136163 composite?
False
Is 1426909 a prime number?
False
Is 14359 prime?
False
Is 974033 a composite number?
False
Is 104033 prime?
True
Is 18169 a prime number?
True
Is 370021 a composite number?
False
Is 134669 a composite number?
False
Is 6173 prime?
True
Is 9901 prime?
True
Is 17902 a composite number?
True
Is 108727 prime?
True
Is 115495 a composite number?
True
Is 872059 a prime number?
False
Is 28498 composite?
True
Is 3593 a composite number?
False
Is 661126 prime?
False
Is 32117 a prime number?
True
Is 8977 a composite number?
True
Is 28349 composite?
False
Is 245621 prime?
True
Is 85427 prime?
True
Is 23429 prime?
False
Is 11579 prime?
True
Is 747079 composite?
True
Is 19847 a prime number?
False
Is 451 composite?
True
Is 49429 prime?
True
Is 1716971 prime?
True
Is 67589 prime?
True
Is 70937 prime?
True
Is 38107 a composite number?
True
Is 94123 a composite number?
True
Is 17161 composite?
True
Is 32467 a composite number?
False
Is 87177 composite?
True
Is 11359 a prime number?
False
Is 339223 prime?
True
Is 17203 prime?
True
Is 12587 a prime number?
False